{"id":10,"date":"2019-12-08T12:51:26","date_gmt":"2019-12-08T11:51:26","guid":{"rendered":"http:\/\/192.168.0.49:8080\/?page_id=10"},"modified":"2020-02-02T00:50:46","modified_gmt":"2020-02-01T23:50:46","slug":"voyage-a-londres-2018","status":"publish","type":"page","link":"https:\/\/blog.chausson.ovh\/index.php\/voyage-a-londres-2018\/","title":{"rendered":"Voyage \u00e0 Londres 2018"},"content":{"rendered":"\n<figure class=\"wp-block-image size-large is-resized\"><img loading=\"lazy\" decoding=\"async\" src=\"https:\/\/blog.chausson.ovh\/wp-content\/uploads\/2019\/12\/image02_1-1024x516.jpg\" alt=\"\" class=\"wp-image-22\" width=\"612\" height=\"308\" srcset=\"https:\/\/blog.chausson.ovh\/wp-content\/uploads\/2019\/12\/image02_1-1024x516.jpg 1024w, https:\/\/blog.chausson.ovh\/wp-content\/uploads\/2019\/12\/image02_1-300x151.jpg 300w, https:\/\/blog.chausson.ovh\/wp-content\/uploads\/2019\/12\/image02_1-768x387.jpg 768w, https:\/\/blog.chausson.ovh\/wp-content\/uploads\/2019\/12\/image02_1-1200x605.jpg 1200w, https:\/\/blog.chausson.ovh\/wp-content\/uploads\/2019\/12\/image02_1.jpg 1455w\" sizes=\"auto, (max-width: 612px) 85vw, 612px\" \/><\/figure>\n\n\n\n<div class=\"wp-block-group\"><div class=\"wp-block-group__inner-container is-layout-flow wp-block-group-is-layout-flow\">\n<h2 class=\"wp-block-heading\">19 F\u00e9vrier 2018 :<\/h2>\n\n\n\n<p>Nous partons \u00e0 Londres la semaine prochaine.<\/p>\n\n\n\n<p>Les billets Eurostar sont imprim\u00e9s mais les sacs sont encore dans le grenier.<\/p>\n<\/div><\/div>\n\n\n\n<div class=\"wp-block-group\"><div class=\"wp-block-group__inner-container is-layout-flow wp-block-group-is-layout-flow\">\n<h2 class=\"wp-block-heading\">26 F\u00e9vrier 2018 :<\/h2>\n\n\n\n<figure class=\"wp-block-image size-large\"><img loading=\"lazy\" decoding=\"async\" width=\"773\" height=\"1024\" src=\"https:\/\/blog.chausson.ovh\/wp-content\/uploads\/2019\/12\/IMG_20180226_141024-773x1024.jpg\" alt=\"\" class=\"wp-image-32\" srcset=\"https:\/\/blog.chausson.ovh\/wp-content\/uploads\/2019\/12\/IMG_20180226_141024-773x1024.jpg 773w, https:\/\/blog.chausson.ovh\/wp-content\/uploads\/2019\/12\/IMG_20180226_141024-226x300.jpg 226w, https:\/\/blog.chausson.ovh\/wp-content\/uploads\/2019\/12\/IMG_20180226_141024-768x1018.jpg 768w, https:\/\/blog.chausson.ovh\/wp-content\/uploads\/2019\/12\/IMG_20180226_141024-1159x1536.jpg 1159w, https:\/\/blog.chausson.ovh\/wp-content\/uploads\/2019\/12\/IMG_20180226_141024-1545x2048.jpg 1545w, https:\/\/blog.chausson.ovh\/wp-content\/uploads\/2019\/12\/IMG_20180226_141024-1200x1590.jpg 1200w, https:\/\/blog.chausson.ovh\/wp-content\/uploads\/2019\/12\/IMG_20180226_141024-scaled.jpg 1932w\" sizes=\"auto, (max-width: 773px) 85vw, 773px\" \/><figcaption> British Museum <\/figcaption><\/figure>\n\n\n\n<p><strong>Nous sommes bien arriv\u00e9s \u00e0 Londres.<\/strong> <\/p>\n\n\n\n<p>D\u00e9part de Lille Europe \u00e0 8:30 am par l&rsquo;eurostar. Arriv\u00e9e \u00e0 9:00 \u00e0  Londres st Pancras. D\u00e9pose du sac \u00e0 dos chez notre h\u00f4te airbnb puis M\u00e9tro vers Bloomsbury.  <\/p>\n\n\n\n<p>L'\u00a0\u00bbUnderground\u00a0\u00bb londonien est bien charg\u00e9 et les temps d&rsquo;attente sont  parfois vraiment longs. Nous mangeons tha\u00ef dans ce quartier puis balade  sous la neige. <\/p>\n\n\n\n<p>Ensuite visite du British Museum, partie Egypte, Gr\u00e8ce  puis Oc\u00e9anie et enfin Am\u00e9riques. Mus\u00e9e gratuit et pas de queue \u00e0  l&rsquo;entr\u00e9e. Il fait bien froid ici mais nous avions bien anticip\u00e9. \u00c9charpes, gants,  bonnets sont de sortie.<\/p>\n\n\n\n<p>Passage par Saintsbury&rsquo;s pour le ravitaillement, p\u00e2tes fra\u00eeches ce soir.\nBus double decker pour le retour avec les courses.<\/p>\n\n\n\n<p>Aujourd&rsquo;hui \u00e9tait une journ\u00e9e bien fatigante. Nous avons fait pr\u00e8s de 16 500 pas (sur le bracelet de Miriam). Demain, mus\u00e9e des sciences dans le quartier de Kensington.<\/p>\n<\/div><\/div>\n\n\n\n<h2 class=\"wp-block-heading\">27 F\u00e9vrier 2018 :<\/h2>\n\n\n\n<figure class=\"wp-block-image size-large\"><img loading=\"lazy\" decoding=\"async\" width=\"1024\" height=\"773\" src=\"https:\/\/blog.chausson.ovh\/wp-content\/uploads\/2019\/12\/IMG_20180227_144613-1024x773.jpg\" alt=\"\" class=\"wp-image-29\" srcset=\"https:\/\/blog.chausson.ovh\/wp-content\/uploads\/2019\/12\/IMG_20180227_144613-1024x773.jpg 1024w, https:\/\/blog.chausson.ovh\/wp-content\/uploads\/2019\/12\/IMG_20180227_144613-300x226.jpg 300w, https:\/\/blog.chausson.ovh\/wp-content\/uploads\/2019\/12\/IMG_20180227_144613-768x580.jpg 768w, https:\/\/blog.chausson.ovh\/wp-content\/uploads\/2019\/12\/IMG_20180227_144613-1536x1159.jpg 1536w, https:\/\/blog.chausson.ovh\/wp-content\/uploads\/2019\/12\/IMG_20180227_144613-2048x1545.jpg 2048w, https:\/\/blog.chausson.ovh\/wp-content\/uploads\/2019\/12\/IMG_20180227_144613-1200x905.jpg 1200w\" sizes=\"auto, (max-width: 709px) 85vw, (max-width: 909px) 67vw, (max-width: 1362px) 62vw, 840px\" \/><figcaption>Mus\u00e9e des sciences <\/figcaption><\/figure>\n\n\n\n<figure class=\"wp-block-image size-large\"><img loading=\"lazy\" decoding=\"async\" width=\"773\" height=\"1024\" src=\"https:\/\/blog.chausson.ovh\/wp-content\/uploads\/2019\/12\/IMG_20180227_180547-773x1024.jpg\" alt=\"\" class=\"wp-image-30\" srcset=\"https:\/\/blog.chausson.ovh\/wp-content\/uploads\/2019\/12\/IMG_20180227_180547-773x1024.jpg 773w, https:\/\/blog.chausson.ovh\/wp-content\/uploads\/2019\/12\/IMG_20180227_180547-226x300.jpg 226w, https:\/\/blog.chausson.ovh\/wp-content\/uploads\/2019\/12\/IMG_20180227_180547-768x1018.jpg 768w, https:\/\/blog.chausson.ovh\/wp-content\/uploads\/2019\/12\/IMG_20180227_180547-1159x1536.jpg 1159w, https:\/\/blog.chausson.ovh\/wp-content\/uploads\/2019\/12\/IMG_20180227_180547-1545x2048.jpg 1545w, https:\/\/blog.chausson.ovh\/wp-content\/uploads\/2019\/12\/IMG_20180227_180547-1200x1590.jpg 1200w, https:\/\/blog.chausson.ovh\/wp-content\/uploads\/2019\/12\/IMG_20180227_180547-scaled.jpg 1932w\" sizes=\"auto, (max-width: 773px) 85vw, 773px\" \/><figcaption> Hyde Park<\/figcaption><\/figure>\n\n\n\n<figure class=\"wp-block-image size-large\"><img loading=\"lazy\" decoding=\"async\" width=\"1024\" height=\"773\" src=\"https:\/\/blog.chausson.ovh\/wp-content\/uploads\/2019\/12\/IMG_20180227_115119-1024x773.jpg\" alt=\"\" class=\"wp-image-31\" srcset=\"https:\/\/blog.chausson.ovh\/wp-content\/uploads\/2019\/12\/IMG_20180227_115119-1024x773.jpg 1024w, https:\/\/blog.chausson.ovh\/wp-content\/uploads\/2019\/12\/IMG_20180227_115119-300x226.jpg 300w, https:\/\/blog.chausson.ovh\/wp-content\/uploads\/2019\/12\/IMG_20180227_115119-768x580.jpg 768w, https:\/\/blog.chausson.ovh\/wp-content\/uploads\/2019\/12\/IMG_20180227_115119-1536x1159.jpg 1536w, https:\/\/blog.chausson.ovh\/wp-content\/uploads\/2019\/12\/IMG_20180227_115119-2048x1545.jpg 2048w, https:\/\/blog.chausson.ovh\/wp-content\/uploads\/2019\/12\/IMG_20180227_115119-1200x905.jpg 1200w\" sizes=\"auto, (max-width: 709px) 85vw, (max-width: 909px) 67vw, (max-width: 1362px) 62vw, 840px\" \/><figcaption> Mus\u00e9e des sciences <\/figcaption><\/figure>\n\n\n\n<p>Aujourd&rsquo;hui mardi, visite du mus\u00e9e des sciences dans le quartier de \nKensington. Ce mus\u00e9e ressemble au palais de la d\u00e9couverte de Paris. \nPlein d&rsquo;activit\u00e9s pour les enfants comme pour les parents. Shows sur \nl&rsquo;\u00e9lectricit\u00e9, le feu et les explosions&#8230; Cin\u00e9ma Imax sur la station \nspatiale internationale et des salles d&rsquo;exposition en enfilade. Bref, \nnous y sommes rest\u00e9s une bonne partie de la journ\u00e9e. Les enfants ont \nvraiment appr\u00e9ci\u00e9s ce m\u00e9lange de sciences et de jeux.\nRepas snack indien \u00e0 l&rsquo;int\u00e9rieur.<\/p>\n\n\n\n<p>Vers 16:30, en route vers knightsbridge en passant par Hyde Park. Le \ngigantesque magasin Harrods pour voir l&rsquo;escalier de style \u00e9gyptien.  \nRetour par bus chez notre h\u00f4te, petites courses y pour manger au chaud.<\/p>\n\n\n\n<p>11 600 pas ce jour, soit environ 8km de marche.<\/p>\n\n\n\n<p>Dans le logement, nous croisons de nouveaux touristes et la tenanci\u00e8re en pyjama vers 20h00. On se couche tr\u00e8s t\u00f4t par ici !<\/p>\n\n\n\n<div class=\"wp-block-group\"><div class=\"wp-block-group__inner-container is-layout-flow wp-block-group-is-layout-flow\">\n<h2 class=\"wp-block-heading\">28 F\u00e9vrier 2018 :<\/h2>\n\n\n\n<figure class=\"wp-block-image size-large\"><img loading=\"lazy\" decoding=\"async\" width=\"576\" height=\"1024\" src=\"https:\/\/blog.chausson.ovh\/wp-content\/uploads\/2019\/12\/WP_20180228_09_51_54_Pro-576x1024.jpg\" alt=\"\" class=\"wp-image-25\" srcset=\"https:\/\/blog.chausson.ovh\/wp-content\/uploads\/2019\/12\/WP_20180228_09_51_54_Pro-576x1024.jpg 576w, https:\/\/blog.chausson.ovh\/wp-content\/uploads\/2019\/12\/WP_20180228_09_51_54_Pro-169x300.jpg 169w, https:\/\/blog.chausson.ovh\/wp-content\/uploads\/2019\/12\/WP_20180228_09_51_54_Pro-768x1365.jpg 768w, https:\/\/blog.chausson.ovh\/wp-content\/uploads\/2019\/12\/WP_20180228_09_51_54_Pro-864x1536.jpg 864w, https:\/\/blog.chausson.ovh\/wp-content\/uploads\/2019\/12\/WP_20180228_09_51_54_Pro-1152x2048.jpg 1152w, https:\/\/blog.chausson.ovh\/wp-content\/uploads\/2019\/12\/WP_20180228_09_51_54_Pro-1200x2132.jpg 1200w, https:\/\/blog.chausson.ovh\/wp-content\/uploads\/2019\/12\/WP_20180228_09_51_54_Pro-scaled.jpg 1441w\" sizes=\"auto, (max-width: 576px) 85vw, 576px\" \/><figcaption>  Ci-dessus, en sortant de notre logement ce matin.  <\/figcaption><\/figure>\n\n\n\n<figure class=\"wp-block-image size-large\"><img loading=\"lazy\" decoding=\"async\" width=\"1024\" height=\"773\" src=\"https:\/\/blog.chausson.ovh\/wp-content\/uploads\/2019\/12\/IMG_20180228_163208-1024x773.jpg\" alt=\"\" class=\"wp-image-26\" srcset=\"https:\/\/blog.chausson.ovh\/wp-content\/uploads\/2019\/12\/IMG_20180228_163208-1024x773.jpg 1024w, https:\/\/blog.chausson.ovh\/wp-content\/uploads\/2019\/12\/IMG_20180228_163208-300x226.jpg 300w, https:\/\/blog.chausson.ovh\/wp-content\/uploads\/2019\/12\/IMG_20180228_163208-768x580.jpg 768w, https:\/\/blog.chausson.ovh\/wp-content\/uploads\/2019\/12\/IMG_20180228_163208-1536x1159.jpg 1536w, https:\/\/blog.chausson.ovh\/wp-content\/uploads\/2019\/12\/IMG_20180228_163208-2048x1545.jpg 2048w, https:\/\/blog.chausson.ovh\/wp-content\/uploads\/2019\/12\/IMG_20180228_163208-1200x905.jpg 1200w\" sizes=\"auto, (max-width: 709px) 85vw, (max-width: 909px) 67vw, (max-width: 1362px) 62vw, 840px\" \/><figcaption> Ci dessus, vue depuis la cath\u00e9drale st Paul.  <\/figcaption><\/figure>\n\n\n\n<figure class=\"wp-block-image size-large\"><img loading=\"lazy\" decoding=\"async\" width=\"1024\" height=\"773\" src=\"https:\/\/blog.chausson.ovh\/wp-content\/uploads\/2019\/12\/IMG_20180228_114237-1024x773.jpg\" alt=\"\" class=\"wp-image-27\" srcset=\"https:\/\/blog.chausson.ovh\/wp-content\/uploads\/2019\/12\/IMG_20180228_114237-1024x773.jpg 1024w, https:\/\/blog.chausson.ovh\/wp-content\/uploads\/2019\/12\/IMG_20180228_114237-300x226.jpg 300w, https:\/\/blog.chausson.ovh\/wp-content\/uploads\/2019\/12\/IMG_20180228_114237-768x580.jpg 768w, https:\/\/blog.chausson.ovh\/wp-content\/uploads\/2019\/12\/IMG_20180228_114237-1536x1159.jpg 1536w, https:\/\/blog.chausson.ovh\/wp-content\/uploads\/2019\/12\/IMG_20180228_114237-2048x1545.jpg 2048w, https:\/\/blog.chausson.ovh\/wp-content\/uploads\/2019\/12\/IMG_20180228_114237-1200x905.jpg 1200w\" sizes=\"auto, (max-width: 709px) 85vw, (max-width: 909px) 67vw, (max-width: 1362px) 62vw, 840px\" \/><figcaption> Ci-dessus, la tour de Londres<\/figcaption><\/figure>\n\n\n\n<p>Ce matin, nous avons travers\u00e9 Londres par le bus. Trajet plus long que pr\u00e9vu \u00e0 cause de la neige et des bouchons. Arriv\u00e9e sous la neige \u00e0 Algate puis marche vers le sud. C&rsquo;est parti pour une bonne journ\u00e9e de marche : Tour de Londres, Tower Bridge, banks (quais de la Tamise) puis burger (vegan pour Bastien et moi) \u00e0 proximit\u00e9 de Borough Market mais au resto : Il nous fallait un endroit chaud et sec pour manger m\u00eame si les odeurs du march\u00e9 mettent l&rsquo;eau \u00e0 la bouche.<\/p>\n\n\n\n<p>Rassasi\u00e9, nous passons par le Shakespeare Globe Theatre pour ensuite traverser la Tamise par le pont du Millenium. Face \u00e0 nous se presente l&rsquo;impressionnante cath\u00e9drale st Paul. Le prix de l&rsquo;entr\u00e9e (important) comprends l&rsquo;audio-guide (ouf). Nous d\u00e9couvrons \u00e0 l&rsquo;aide de cette tablette les principales choses \u00e0 y voir et quelques \u00e9nigmes pour les enfants (et parents aussi&#8230;). Nous montons dans le d\u00f4me qui est magnifique et tr\u00e8s haut. Bastien me propose de monter jusqu&rsquo;\u00e0 la coupole au sommet du d\u00f4me. C&rsquo;est une ascension de 528 marches.<\/p>\n\n\n\n<p>Metro pour Piccadilly Circus \u00e0 la tomb\u00e9e du jour puis Trafalgar Square. Petite part de pizza au chaud avant de s&rsquo;installer dans le \u00ab\u00a0prince Edward Theatre\u00a0\u00bb pour la com\u00e9die musicale \u00ab\u00a0aladdin\u00a0\u00bb.<\/p>\n\n\n\n<p>C&rsquo;est une production Disney et le sc\u00e9nario est donc celui du dessin anim\u00e9. Musique par un orchestre, d\u00e9cors tr\u00e8s color\u00e9s accompagn\u00e9s par des chanteurs \/ danseurs&#8230; Une tr\u00e8s bonne exp\u00e9rience ! Nous sommes tous ravis.<\/p>\n\n\n\n<p>Metro avec changement pour rentrer profiter de notre derni\u00e8re nuit \u00e0 Londres.<\/p>\n\n\n\n<p>Demain, nous pr\u00e9voyons une visite de Notting hill.<\/p>\n<\/div><\/div>\n\n\n\n<h2 class=\"wp-block-heading\">01 Mars 2018 :<\/h2>\n\n\n\n<p>Ce matin, petit&nbsp;<em>probl\u00e8me<\/em>&nbsp;d&rsquo;eau chaude dans notre logement. Crystal, notre h\u00f4te, nous dit que les conditions climatiques sont exceptionnelles pour Londres. Elle n&rsquo;a jamais vu autant de neige ici. Les \u00e9coles sont ferm\u00e9es pour ce jeudi et vendredi. Son fils de 7 ans semble plut\u00f4t aimer la neige, lui !<\/p>\n\n\n\n<p>Le temps que la chaudi\u00e8re fonctionne \u00e0 nouveau, nous prenons un peu de retard pour quitter l&rsquo;appartement. Nous partons en m\u00e9tro pour South Kensington, visite du \u00ab\u00a0Natural History Museum\u00a0\u00bb. Cet immense mus\u00e9e gratuit est dans un b\u00e2timent qui vaut par lui-seul le d\u00e9tour. Nous d\u00e9couvrons les expositions sur les Dinosaures puis sur la biologie humaine. Nous mangeons \u00e0 l&rsquo;int\u00e9rieur, au chaud, dans la caf\u00e9t\u00e9ria du mus\u00e9e. Les enfants s&rsquo;int\u00e9ressent beaucoup aux sujets et nous d\u00e9cidons donc de renoncer au march\u00e9 de Notting Hill pour passer plus de temps au mus\u00e9e.<\/p>\n\n\n\n<p>Vers 15h00 nous retournons au logement pour reprendre notre fid\u00e8le sac \u00e0 dos de voyage et dire \u00ab\u00a0bye bye\u00a0\u00bb \u00e0 Crystal et son fils. Metro vers la gare de \u00ab\u00a0King&rsquo;s Cross\u00a0\u00bb o\u00f9 nous cherchons comme plein d&rsquo;autres moldus le quai 9 3\/4. Une file de fans attend l\u00e0 pour prendre la photo. Petit tour au magasin \u00ab\u00a0Harry Potter\u00a0\u00bb qui est tr\u00e8s fr\u00e9quent\u00e9.<\/p>\n\n\n\n<p>A \u00ab St Pancras International \u00bb, le contr\u00f4le des douanes est renforc\u00e9 ce jour, nous avons bien fait d&rsquo;arriver un peu \u00e0 l&rsquo;avance. Avec la neige, l&rsquo;Eurostar aura 25 minutes de retard \u00e0 l&rsquo;arriv\u00e9e Lille Europe.<\/p>\n\n\n\n<p>C&rsquo;est ainsi que s&rsquo;ach\u00e8ve notre voyage. Merci pour vos messages.<\/p>\n\n\n\n<figure class=\"wp-block-image size-large\"><img loading=\"lazy\" decoding=\"async\" width=\"773\" height=\"1024\" src=\"https:\/\/blog.chausson.ovh\/wp-content\/uploads\/2019\/12\/IMG_20180301_160839_BURST001_COVER-773x1024.jpg\" alt=\"\" class=\"wp-image-23\" srcset=\"https:\/\/blog.chausson.ovh\/wp-content\/uploads\/2019\/12\/IMG_20180301_160839_BURST001_COVER-773x1024.jpg 773w, https:\/\/blog.chausson.ovh\/wp-content\/uploads\/2019\/12\/IMG_20180301_160839_BURST001_COVER-226x300.jpg 226w, https:\/\/blog.chausson.ovh\/wp-content\/uploads\/2019\/12\/IMG_20180301_160839_BURST001_COVER-768x1018.jpg 768w, https:\/\/blog.chausson.ovh\/wp-content\/uploads\/2019\/12\/IMG_20180301_160839_BURST001_COVER-1159x1536.jpg 1159w, https:\/\/blog.chausson.ovh\/wp-content\/uploads\/2019\/12\/IMG_20180301_160839_BURST001_COVER-1545x2048.jpg 1545w, https:\/\/blog.chausson.ovh\/wp-content\/uploads\/2019\/12\/IMG_20180301_160839_BURST001_COVER-1200x1590.jpg 1200w, https:\/\/blog.chausson.ovh\/wp-content\/uploads\/2019\/12\/IMG_20180301_160839_BURST001_COVER-scaled.jpg 1932w\" sizes=\"auto, (max-width: 773px) 85vw, 773px\" \/><figcaption> quai 9 3\/4 <\/figcaption><\/figure>\n\n\n\n<figure class=\"wp-block-image size-large\"><img loading=\"lazy\" decoding=\"async\" width=\"1024\" height=\"773\" src=\"https:\/\/blog.chausson.ovh\/wp-content\/uploads\/2019\/12\/IMG_20180301_133026-1024x773.jpg\" alt=\"\" class=\"wp-image-24\" srcset=\"https:\/\/blog.chausson.ovh\/wp-content\/uploads\/2019\/12\/IMG_20180301_133026-1024x773.jpg 1024w, https:\/\/blog.chausson.ovh\/wp-content\/uploads\/2019\/12\/IMG_20180301_133026-300x226.jpg 300w, https:\/\/blog.chausson.ovh\/wp-content\/uploads\/2019\/12\/IMG_20180301_133026-768x580.jpg 768w, https:\/\/blog.chausson.ovh\/wp-content\/uploads\/2019\/12\/IMG_20180301_133026-1536x1159.jpg 1536w, https:\/\/blog.chausson.ovh\/wp-content\/uploads\/2019\/12\/IMG_20180301_133026-2048x1545.jpg 2048w, https:\/\/blog.chausson.ovh\/wp-content\/uploads\/2019\/12\/IMG_20180301_133026-1200x905.jpg 1200w\" sizes=\"auto, (max-width: 709px) 85vw, (max-width: 909px) 67vw, (max-width: 1362px) 62vw, 840px\" \/><figcaption> Natural History Museum <\/figcaption><\/figure>\n","protected":false},"excerpt":{"rendered":"<p>19 F\u00e9vrier 2018 : Nous partons \u00e0 Londres la semaine prochaine. Les billets Eurostar sont imprim\u00e9s mais les sacs sont encore dans le grenier. 26 F\u00e9vrier 2018 : Nous sommes bien arriv\u00e9s \u00e0 Londres. D\u00e9part de Lille Europe \u00e0 8:30 am par l&rsquo;eurostar. Arriv\u00e9e \u00e0 9:00 \u00e0 Londres st Pancras. D\u00e9pose du sac \u00e0 dos &hellip; <a href=\"https:\/\/blog.chausson.ovh\/index.php\/voyage-a-londres-2018\/\" class=\"more-link\">Continuer la lecture<span class=\"screen-reader-text\"> de &laquo;&nbsp;Voyage \u00e0 Londres 2018&nbsp;&raquo;<\/span><\/a><\/p>\n","protected":false},"author":2,"featured_media":0,"parent":0,"menu_order":0,"comment_status":"closed","ping_status":"closed","template":"","meta":{"footnotes":""},"class_list":["post-10","page","type-page","status-publish","hentry"],"_links":{"self":[{"href":"https:\/\/blog.chausson.ovh\/index.php\/wp-json\/wp\/v2\/pages\/10","targetHints":{"allow":["GET"]}}],"collection":[{"href":"https:\/\/blog.chausson.ovh\/index.php\/wp-json\/wp\/v2\/pages"}],"about":[{"href":"https:\/\/blog.chausson.ovh\/index.php\/wp-json\/wp\/v2\/types\/page"}],"author":[{"embeddable":true,"href":"https:\/\/blog.chausson.ovh\/index.php\/wp-json\/wp\/v2\/users\/2"}],"replies":[{"embeddable":true,"href":"https:\/\/blog.chausson.ovh\/index.php\/wp-json\/wp\/v2\/comments?post=10"}],"version-history":[{"count":8,"href":"https:\/\/blog.chausson.ovh\/index.php\/wp-json\/wp\/v2\/pages\/10\/revisions"}],"predecessor-version":[{"id":108,"href":"https:\/\/blog.chausson.ovh\/index.php\/wp-json\/wp\/v2\/pages\/10\/revisions\/108"}],"wp:attachment":[{"href":"https:\/\/blog.chausson.ovh\/index.php\/wp-json\/wp\/v2\/media?parent=10"}],"curies":[{"name":"wp","href":"https:\/\/api.w.org\/{rel}","templated":true}]}}